 greatest common divisor of a and o.
9
Let k = -12 + 17. Suppose k*m - 42 = 2*m. Suppose 0 = v - m - 0. What is the highest common factor of v and 14?
14
Let i be 3 + 7 - (2 - 1). Suppose -2*d = -3*r - 156, -6*d + 4*r - 413 = -11*d. Calculate the greatest common divisor of d and i.
9
Suppose 19*h + 44 = 30*h. Calculate the greatest common divisor of h and 7.
1
Let w(l) = l**3 - l**2 + 3*l - 1. Let y be w(1). Suppose -4*f = -y*n + 2 - 6, 3*n - f = 19. Suppose 92 = 4*u - n. What is the highest common factor of u and 50?
25
Let b(c) = c + 66. Let q be b(38). What is the highest common factor of q and 156?
52
Let b = 3 + -2. Suppose 10*q - 24 = 6*q. Let g be ((-45)/(-10))/9*q. Calculate the greatest common divisor of g and b.
1
Suppose 18*z + 4*q = 14*z + 68, 4*z - 2*q - 92 = 0. What is the highest common divisor of 28 and z?
7
Let f = 4 - 11. Let o(q) be the second derivative of -q**3 - q**2 - 3*q. Let c be o(f). What is the highest common factor of 100 and c?
20
Suppose 219*h = 207*h + 13200. Calculate the highest common factor of h and 22.
22
Suppose -2*h + 1 = -3*h. Let f be 9 - 1 - (-1 + h). Let j = 109 - 59. Calculate the greatest common divisor of j and f.
10
Suppose z - 36 = -3*g, 2*z - 7 = -g - 0*z. What is the greatest common factor of g and 143?
13
Let p = 153 - 81. Let w = p + -28. What is the greatest common divisor of 4 and w?
4
Suppose b + 65*i - 208 = 69*i, -3*i - 3 = 0. Calculate the greatest common divisor of b and 1326.
102
Let t(o) = -5*o. Let w be t(-3). Let n = w + 10. Suppose -2*u + 404 = k, -3*u = 2*u - k - 996. What is the highest common divisor of n and u?
25
Let n be (1600/(-15))/8*(-300)/16. Calculate the highest common factor of n and 300.
50
Suppose -4*z = -q - 3*z + 46, -3*q + 146 = -5*z. Let a be 8/24 + (-106)/3. Let f = a + q. Calculate the greatest common divisor of 7 and f.
7
Suppose -5*o = -3*o - 144. Let c(a) = -48*a - 46*a - 14*a. Let q be c(-1). Calculate the greatest common divisor of o and q.
36
Let o be 122/16 + ((-344)/(-64) - 5). What is the greatest common divisor of 248 and o?
8
Suppose -5*y + 26 = -429. Calculate the highest common divisor of 7 and y.
7
Suppose 4*o = 2*q - 16, -11 = -q + o + 2*o. Let t(u) = -17 + 44 + 3*u**2 - q*u**2. Let i be t(0). What is the greatest common factor of i and 135?
27
Let c = -509 - -520. Let g(l) = -40*l - 3. Let n be g(-2). What is the greatest common divisor of n and c?
11
Let w = 150 + -90. Let g be ((-15)/10 + 1)*-24. Calculate the highest common divisor of w and g.
12
Suppose -2*a + 7*w - 3*w + 462 = 0, 888 = 4*a + 4*w. Suppose -10*k = -15*k + a. Calculate the highest common factor of 9 and k.
9
Let h = 23 + -13. Let f be -3 - 5/(h/(-6)). Suppose -q + 6 = -f*q. What is the greatest common factor of 4 and q?
2
Let o(j) = -13*j + 181. Let q be o(13). What is the highest common divisor of 768 and q?
12
Suppose -9 = -2*l + 13. Let c = l - -7. Suppose -12*f - f + 26 = 0. Calculate the highest common factor of c and f.
2
Let g(b) = b**2 - 2*b - 2. Let z be g(-5). Let l be 1*z*(-1)/(-3). What is the highest common factor of l and 77?
11
Let r(i) = -i - 23. Let b be r(-6). Let g = 35 + b. Calculate the greatest common divisor of 12 and g.
6
Let x be (3 - 133/(-4)) + (-1)/4. Let y = -120 + 341. Suppose 5*z = -a + 265, -4*z = -4*a + 3*a - y. What is the greatest common divisor of x and z?
18
Let t be (50/30)/(10/3 + -3). Calculate the highest common factor of 80 and t.
5
Suppose 3*s + 0*s - 3*b - 45 = 0, -4*s - 4*b + 36 = 0. Suppose p - s - 9 = 0. Suppose p - 9 = 3*i. Calculate the greatest common factor of 44 and i.
4
Let a be (-7)/(-7)*(-228)/(-3). Suppose -2*u + a = -86. What is the greatest common factor of u and 9?
9
Suppose -q + 5 = 2*s, -3*q - 27 = -3*s + 3. Let h = 20 + -5. Suppose 2*l = -8, i + 4*i + h = -5*l. Calculate the highest common divisor of i and s.
1
Let a be 1/((-2)/(10 - 440)). What is the highest common divisor of a and 602?
43
Suppose 2*m = -52 + 36. Let b be (5 + 16)/(2/m*-6). What is the greatest common factor of 266 and b?
14
Suppose 0 = -2*c - 540 + 580. Calculate the highest common factor of 15 and c.
5
Let r be 8/6 - (-14)/21. Let m be ((-28)/(-21))/((-1)/(-27)). Suppose 4*c = -4 + m. What is the highest common factor of r and c?
2
Suppose 2*s = -8, 5*s = -5*g + s + 69. Suppose l = 49 + 36. Calculate the highest common divisor of l and g.
17
Let r(l) = -138*l**3 - 4*l**2 - 3*l + 6. Let p be r(-2). What is the highest common divisor of 66 and p?
22
Suppose -30*b = -26*b + 136. Let s = -30 - b. What is the highest common divisor of s and 4?
4
Suppose -274*m + 282*m - 456 = 0. Calculate the greatest common divisor of m and 3.
3
Let z be 118/5 - 48/(-120). What is the greatest common factor of z and 456?
24
Let p be ((-1)/3)/((-13)/663). Let a = -11 + p. Suppose -a*n + 13 = 3*x - 2*n, 4 = 3*x - 5*n. What is the greatest common factor of 2 and x?
1
Let o be (4/(-10))/(2*3/(-60)). Suppose 297 = -h + o*h + 3*x, x = 3*h - 293. What is the highest common divisor of 14 and h?
14
Let u(v) = 5*v**2 - 15*v - 4. Let o be u(7). Let r = -8 - -12. Suppose -2*z = -r*l + 3*l + 15, 4*z - 55 = -3*l. What is the greatest common factor of o and l?
17
Let f be 4532/54 + (-10)/(-135). Calculate the greatest common factor of f and 24.
12
Let z(q) = 41*q - 275. Let b be z(7). Let y be 6/21 + 668/14. Calculate the greatest common factor of b and y.
12
Let j = 132 + -85. Let r = j - 37. Suppose -3*m + 54 + 45 = w, 5*m - 15 = 0. What is the greatest common factor of w and r?
10
Suppose 2 + 14 = 4*k. Suppose -3*p - 4*d + 252 = 0, -p - k*d + 76 = -0*p. Calculate the highest common divisor of p and 11.
11
Let y(d) = -d**3 + d**2 + 4*d - 3. Let r(j) = j**2 - j. Let l(k) = -2*r(k) - y(k). Let q be l(4). Calculate the greatest common factor of q and 121.
11
Suppose 0 = n + 3*c + c - 9, -2*n = 2*c - 24. Let x = 111 + -7. Calculate the greatest common divisor of n and x.
13
Suppose 5*j = 5*t - 1310, 676 = 4*t - 3*j - 374. Suppose 5*r + r = t. Let y = 14 - 3. Calculate the highest common factor of y and r.
11
Let a = 18 - 11. Let z be (-48922)/(-2318) + 2/(-19). What is the highest common divisor of a and z?
7
Let w = 32 - 18. Let r(q) = 1 + 17*q + 0*q**2 + 2*q**2 + 6 - 7*q. Let x be r(-7). What is the highest common divisor of x and w?
7
Let f be (-2 + 2 - -1) + 0. Let i = 1829 - 1828. Calculate the highest common factor of f and i.
1
Let y = 394 - 164. Calculate the greatest common factor of y and 276.
46
Suppose 5406 = 2*x - 0*x. Suppose 5*d + 5*v - 3385 = 0, 2*d - 6*d - 3*v + x = 0. Suppose -2*n + d = 2*n. What is the greatest common factor of n and 21?
21
Suppose 0 = -16*r + 7054 - 1070. Suppose -122 = -8*s + r. Calculate the greatest common divisor of s and 31.
31
Suppose -5*l = -v + 9, 10*l + 2 = 11*l. Suppose 3*k = 183 + 45. Calculate the greatest common factor of v and k.
19
Let p(r) = -39*r + 3. Let b be p(-1). Suppose -4*y + 6 + 2 = 0, 0 = -4*u + 3*y + b. What is the highest common factor of 6 and u?
6
Suppose -5*l = -414 + 34. Let o(j) = 5*j + 40. Let f be o(-7). Suppose -2*g - 90 = -f*d + 3*g, 3*g = 3. What is the greatest common divisor of d and l?
19
Let h be 22/(1 - 0) + -1. Let m(w) = 109*w + 25. Let i be m(11). Suppose -6*s = -162 - i. Calculate the greatest common factor of h and s.
21
Suppose 4*h = 169 + 167. Calculate the greatest common factor of h and 48.
12
Let o(n) = -3 - 5*n + 6*n + 0 - 2*n. Let p be o(-10). Suppose 0 = p*i - 3*i - 4. What is the highest common divisor of i and 3?
1
Let s be 0*3/12 - -3. Suppose 7*x - 6*x = s. Let w be -3 - (6/x + -23). Calculate the highest common divisor of 2 and w.
2
Let h(i) = 14*i - 22. Let q be (95/133)/((-1)/(-7)). Let l be h(q). What is the highest common factor of l and 12?
12
Let m(n) = 2*n - 12. Suppose 2*o = 4 + 4. Let r be m(o). Let v(f) = f**2 + 2*f + 2. Let d be v(r). Calculate the greatest common factor of d and 20.
10
Suppose 3*z - 267 = -2*k + k, -4*z - 5*k = -345. Let u = 758 + -738. What is the highest common factor of z and u?
10
Suppose 13*j = 9*j - 3*z + 816, 3*j - z = 599. What is the greatest common divisor of j and 3?
3
Let l be (-4)/((-2)/64 - 0). Suppose 0 = -4*t + 171 - 43. Calculate the greatest common factor of l and t.
32
Suppose 23*x - 627 = 4*x. Calculate the greatest common factor of 